63.
21
Suppose 2*o + o - 4*f - 26 = 0, -f - 13 = -4*o. Suppose l + h - 25 = -2*h, o*l - 30 = -h. Calculate the highest common divisor of 26 and l.
13
Suppose m - 2*m + 16 = 0. Let d(n) = -n**3 - 5*n**2 - 7*n - 6. Let j be d(-4). Suppose 0 = -5*v + j + 4. Calculate the highest common divisor of v and m.
2
Suppose 2*g - 7 = -4*q + 37, 0 = -2*g + 2*q + 56. Let m be 22*3 + (0 - 1). What is the highest common factor of m and g?
13
Let p(v) = -40*v. Let q be p(-1). What is the highest common divisor of 10 and q?
10
Suppose -2*m + 1 = -5*r, 3*m - 8 = -0*m + r. Suppose 4*k = m*k + 18. Calculate the greatest common divisor of 2 and k.
2
Let n(b) = -1. Let l(o) = -2*o + 8. Let q(y) = l(y) + 5*n(y). Let p be q(-6). Calculate the greatest common divisor of 30 and p.
15
Suppose j - 64 = -47. Calculate the highest common divisor of j and 17.
17
Let b = 43 + -24. Let t = 40 - b. What is the highest common divisor of 3 and t?
3
Let o(a) = 20*a + 6. Let g be o(3). Calculate the highest common factor of 6 and g.
6
Let x = 152 - 127. What is the highest common divisor of 50 and x?
25
Let j be (2 - 47/1) + 3. Let v be (0 + -5)*j/15. Calculate the greatest common divisor of v and 14.
14
Let u be 1/6 + (-155)/(-6). What is the highest common divisor of 52 and u?
26
Suppose 5*u - 74 = 2*u - j, 4*u - 102 = -3*j. What is the greatest common factor of 3 and u?
3
Let b = 114 + -81. Let q be 2*1*(-18)/(-12). What is the highest common factor of b and q?
3
Let v(g) = -g + 27. Let r be v(0). Calculate the highest common factor of 297 and r.
27
Suppose -k + 40 = -f, 4*k = k - 4*f + 106. What is the highest common divisor of 190 and k?
38
Let o(q) = 2*q**2 - 2*q - 1. Let u be o(-2). Suppose 62 = 4*m - 114. What is the highest common divisor of u and m?
11
Let g be (2 + (-3 - 3))*2. Let h be ((-4)/5)/(g/400). Calculate the greatest common factor of h and 8.
8
Let u = -40 + 68. What is the greatest common divisor of 14 and u?
14
Suppose 3*j = -3*r + 36, r = 2*r - 3*j - 4. Let o be 2/r + 148/10. Let k = o - 3. What is the highest common factor of 132 and k?
12
Suppose 0*v + 3*v + 87 = 0. Let x = -14 - v. Let q = 29 - x. Calculate the highest common factor of q and 2.
2
Let r be (-1 - (1 + -2)) + -3. Let h be r/(3 + 0)*5. Let n be (-10)/h + 1 + 30. Calculate the highest common factor of n and 3.
3
Suppose 0 = 3*w - 4*w + 3*q, w + q = -16. Let b = 20 + w. Suppose -b = 2*h - 28. Calculate the highest common factor of 15 and h.
5
Let m(g) = g**2 + 7*g + 17. Let i be m(-8). What is the greatest common factor of i and 100?
25
Let y(s) = s**3 + 14*s**2 - 15*s + 18. Let p be y(-15). Let c = -18 - -90. What is the highest common divisor of p and c?
18
Suppose a = -2*a + 4*b - 15, 0 = 4*b + 12. Let s = a + 15. Calculate the greatest common factor of s and 66.
6
Let v = -1 - -6. Suppose -v*b = -b + 16. Let y(u) = -u**3 + 5*u + 6. Let c be y(b). What is the greatest common divisor of 5 and c?
5
Let v(j) = 6*j - 6. Let o be v(2). Calculate the greatest common divisor of 12 and o.
6
Let q(f) = -f**3 + f**2 + 38. Let h be q(0). Calculate the greatest common divisor of h and 19.
19
Let r(c) = 13*c. Suppose -n + m - 1 = 0, m - 17 = -0*n - 3*n. Let x be r(n). Calculate the highest common divisor of 130 and x.
26
Let b be (18/(-24))/(2/(-96)). Let h(m) = m**2 - 8*m - 15. Let v be h(15). What is the highest common divisor of b and v?
18
Suppose -5*b - 3*u = -228, -b + 3*u - 15 = -57. What is the greatest common divisor of 18 and b?
9
Let m = 0 + 1. Let s be -1 - (m*-1 - 2). Suppose 3*v - 2 = -u - 4, 4*u - 5*v - 26 = 0. Calculate the highest common divisor of s and u.
2
Let q = -23 + 34. What is the greatest common factor of 99 and q?
11
Suppose 4*m = -k + 3*m + 20, 3*k - 2*m - 40 = 0. Suppose 0 = 4*y - k + 132. Let d = 50 + y. Calculate the highest common divisor of 14 and d.
7
Suppose -4*f - 6 = -f. Let i(a) = -15*a. Let r be i(f). Let u = 69 + -24. What is the greatest common divisor of u and r?
15
Let t = 125 + -67. What is the greatest common factor of 145 and t?
29
Suppose -2*i + 6 = l - 3, -2*i = -4*l - 14. Let q(k) = 109*k**2 + 1. Let v be q(l). Let g = 185 - v. What is the highest common divisor of 15 and g?
15
Let q(t) = -3*t - 2*t**3 + 2 - 4*t**2 + 2*t + 4*t - t. Let h be q(-3). Calculate the greatest common divisor of 14 and h.
14
Suppose t + t + 8 = -2*j, -4*t + 8 = -4*j. Let o be 25*((-6)/t - 1). Calculate the greatest common divisor of 25 and o.
25
Let i = 34 + -19. Calculate the greatest common divisor of i and 10.
5
Let w = 12 + 1. Suppose 65 = -2*n + 3*n. What is the highest common divisor of w and n?
13
Let t be 6/4*(-128)/(-12). What is the highest common divisor of 80 and t?
16
Suppose 247 = 3*j - 4*k + 4, 2*j - 3*k - 161 = 0. Calculate the greatest common divisor of j and 17.
17
Suppose -k + 0 = -3. Suppose -k + 88 = 5*l. What is the greatest common divisor of 68 and l?
17
Suppose 0 = -6*m + 43 + 47. What is the highest common divisor of m and 25?
5
Suppose x + 3 - 12 = 0. Calculate the highest common divisor of x and 135.
9
Suppose 0 - 22 = -2*z. Calculate the greatest common factor of z and 33.
11
Let y be 5*-1*2*94/(-20). What is the greatest common divisor of 235 and y?
47
Let o(i) = 3*i**3 + i**2 - 2*i + 1. Let q be o(1). Suppose -b - 3*m = 28 - 133, q*b = -5*m + 331. What is the highest common factor of 13 and b?
13
Suppose 0 = 5*z + 5*q - 15, 4*z = 7*z - 3*q - 33. Let u = -8 - -10. Let h be -2 + z + -3 + u. Calculate the greatest common factor of 36 and h.
4
Let y = -31 - -53. Let w = -15 + y. What is the highest common factor of 7 and w?
7
Suppose -3*v = -5*n + 39, -5*v = -2*n - 13 + 40. Let t = 38 + -12. Let r = t + 28. What is the greatest common factor of r and n?
6
Let u(q) be the third derivative of q**5/30 + q**4/4 - 5*q**3/6 + 5*q**2. Let w be u(-5). What is the greatest common factor of w and 15?
15
Suppose -5*y + 5*z + 40 = 0, y - 36 = -y - 2*z. Calculate the highest common factor of y and 13.
13
Let a be (-2)/(-8) + (-3990)/(-40). What is the highest common factor of a and 40?
20
Suppose 3*w + 5*c = 39, 2*c = -6*w + 2*w + 38. What is the highest common divisor of 88 and w?
8
Let c = -26 - -26. Let a = 2 + c. Calculate the highest common factor of 14 and a.
2
Suppose 5*c - 401 = -m + 5*m, -164 = -2*c - 2*m. What is the greatest common factor of c and 9?
9
Suppose -130 = 2*f - d + 3*d, 2*f = 2*d - 110. Let p be (f/(-18))/(2/18). Calculate the highest common divisor of p and 15.
15
Suppose -8*v + 826 - 34 = 0. What is the highest common divisor of v and 9?
9
Let b(i) = -4 - 4*i**3 + i**2 + 2 + 3*i**3 + 3*i**3. Let r be b(2). Suppose -4*z + 111 + 69 = 0. Calculate the highest common divisor of r and z.
9
Suppose 0*h + 74 = 2*f - 5*h, 3*f - 98 = h. Suppose 0 = -4*y + y + 768. What is the greatest common factor of f and y?
32
Let t(h) = -h**3 + 18. Let o(x) = -x - 4. Let q be o(-4). Let k be t(q). Calculate the greatest common factor of k and 18.
18
Let s be 0*(-2)/(-8) + 5. What is the greatest common factor of s and 35?
5
Let r(g) = -4*g - 10. Let a be r(-6). What is the greatest common divisor of 49 and a?
7
Suppose -4*r = -56 - 32. Suppose 5*w - 48 = r. What is the highest common factor of w and 28?
14
Let i be 14/(-5)*(-1 + -9). Let s = 4 + -4. Suppose -4*m = 3*d - 12, d - m - 4 = -s*d. What is the highest common divisor of i and d?
4
Suppose -4*i + 9*i + 5*n - 85 = 0, 4*n = -i + 26. Calculate the greatest common divisor of i and 2.
2
Let s(d) = -d**2. Let b be s(0). Suppose 4*f + 4*y - 8*y - 64 = b, 2*f - 2 = -4*y. What is the highest common divisor of 33 and f?
11
Let l(u) = u**3 + 7*u**2 - 7*u - 9. Let x be l(-7). Suppose 6*p = 3*r + 4*p - 56, 5*p = 10. Calculate the highest common divisor of r and x.
20
Suppose 2*x + 10 = 4*x. What is the highest common factor of x and 25?
5
Let v = 4 - 1. Suppose -2*n - 2 = -3*b, 2*b + n = v*b + 1. Suppose -15 - 35 = -5*l. What is the highest common divisor of l and b?
2
Let b(h) = h**3 + 6*h**2 + 4*h - 2. Let x be b(-5). What is the highest common factor of x and 27?
3
Suppose -124 = -3*o + 305. Let f = -8 + o. Let p = 3 + 12. What is the greatest common factor of p and f?
15
Let s(g) = g + 3. Let b be s(0). Let o = 7 - b. What is the greatest common divisor of o and 16?
4
Let i(n) = -n**3 - 4*n**2 + 6*n - 1. Let l 